 -8)?
-3
10950 + -10949 - (0 + -1 + -13)
15
What is (28 + -16 - -8) + (-6 - (4 + -6))?
16
Evaluate (-20 - 8 - 18 - -9) + 14.
-23
Calculate -20 - ((-4 + 6 - (-4 + -4)) + -20 + 21).
-31
Calculate (5 + 1 - (158 - 126)) + 58.
32
Evaluate -51 + (-51 - -64) + 2 + -10 + -2.
-48
What is -11 + 62 - (247 - 223)?
27
What is (2 - (-10 + -9) - 19) + 3?
5
2 + -15 + (26 - (-12 - -28)) + -10
-13
Calculate -1 + 11 - (2695 + -2706).
21
Calculate (5 - 25) + (294 - 269).
5
6 - (1665 + -1647 - (-1 - -7) - (-1 + 27))
20
What is the value of 8 + -3 + -1 - (-5 - 1 - 5)?
15
What is -8 + 6 + 0 + (49 - 8) + 0 + -7?
32
Evaluate (34 - -8) + 3 + -11 - 134.
-100
(322 - 339) + (0 + 0 - (1 - 8))
-10
Evaluate (-2 - 0) + (-8 - -3) + 876 + -869 + 45.
45
What is -5 - 8 - (-14 - 0) - ((-4 - 3) + 38)?
-30
What is (4 - -59) + -16 - (-1 + 5 + 7)?
36
Calculate (58 - 24) + -318 + 198 + (14 - -1 - 2).
-73
What is the value of -1 + 52 + (-2805 - -2709)?
-45
(-7 + -10 + 9 - (46 + (-7 - -4))) + -4
-55
Calculate -1 + (-6 + 7 - (-15 + 5 + 7 - -1)).
2
Evaluate 74 - -16 - (74 - 11).
27
What is the value of 18 + (19 + -72 - -19) - -29 - 11?
2
What is (-24 - ((-12 - -4) + 9 + 8)) + 11?
-22
-14 + 15 - (49 - 48 - (0 - 9)) - -42
33
What is -49 + -18 + 0 + 54?
-13
What is -13 - (25 + (-22 + (18 - -5) - (7 + 0)))?
-32
What is (76 - 99) + (11 - -2) + -17?
-27
What is the value of (-33 - (-9 + -6) - 1) + 62 + 6 + -3?
46
Calculate (39 - (14 - 10) - 29) + 0.
6
Evaluate -125 - (22 - 164) - 87.
-70
What is 17 - (27 + -41 - ((-2 - -13) + -34))?
8
What is (-19 - 4) + (-55 - 15 - 53)?
-146
What is (-3 - (5 + 2) - -5 - -107) + (-355 - -356)?
103
Evaluate (3 - -21 - -1 - 4) + 6.
27
Evaluate -33 - -58 - (33 + 17 + -29).
4
Calculate (-2 - -24) + -25 + 1 + 49 + -7.
40
What is 56 + -156 - -64 - (6 - -5)?
-47
What is 37 - (1 + -12 - (584 - 579))?
53
Evaluate -30 + (10 - (27 + -45)) - (-2 - (-2 + -9)).
-11
Evaluate -3184 - -3194 - (0 + -2 + (13 - -4)).
-5
Calculate (1 - -73) + ((2 - -17) + -1 - 20).
72
-10 + (-5 - -10) + -4 + -4 + 10
-3
What is -73 + 2 + (-12 - -70 - 21) + -23?
-57
37 + ((26 - 30) + (0 - -7) - (-9 + 13))
36
What is the value of 45 - (174 + -142 - (1 + 2) - 16)?
32
What is -2 + (1 + 5 - ((-14 - -15) + -1)) - -21?
25
What is (6 - -25) + 63 + -110 - (8 + -3 + 1)?
-22
Evaluate 188 + -182 - (-3 - (-151 + 3 + -14 + 9)).
-144
What is the value of 5 - (-10 - -26 - -3) - 34?
-48
Evaluate (17 - (4 + -4)) + -21 + (42 - 33).
5
What is the value of 5126 + -5155 + (-22 - -1)?
-50
What is the value of 6796 + -6926 + 69 + 1?
-60
What is (-173 - -126 - -52) + (-53 - 1)?
-49
What is (21 - -100) + (8 - 10 - 4 - (1 + -10))?
124
What is -3 - (55 + -82 + -9)?
33
What is the value of -21 + 4 + 30 + (7 - -31)?
51
What is -114 + -28 + (9 - (-2 - (-7 + 17)))?
-121
Evaluate (-5 - (28 + (-3 - (30 - 25)))) + 36.
11
What is (5 - (73 - (-11 + (16 - -8)) - -7)) + 15?
-47
(-4 - ((-20 - -31) + -29)) + -14 - (0 - -61)
-61
What is the value of (-104 - (119 - 215)) + -57 + (1 - -1)?
-63
What is 4116 + -4099 + (-7 - (-1 + 1))?
10
What is the value of 2 + 18 + -1 + -93 + 99 + -14?
11
What is 22 - (-80 - (-22 - 5 - -2))?
77
2 - (-2 + -50 + (16 - 13) - -12)
39
1 + 0 - (-2 - -21 - (21 + -11)) - 78
-86
What is 53 + 2 + -2 + 91 + -53 + -29?
62
Calculate 12 - (11 - (1 - ((3 - -34) + -13))).
-22
Calculate 1 - -17 - (-52 + 62 - (9 - -1)) - 0.
18
What is the value of 0 + -1 - (-7 - -1) - (-35 - -72 - 5)?
-27
Calculate (1 - 11 - -13) + 11 - (10 + 8 + -8).
4
Evaluate 6 + -59 + 124 + -45.
26
Calculate 43 + -29 + -10 + 49.
53
Evaluate -3 + (-3 - 148) + (-62 - -147) + -63.
-132
Evaluate (-60 - -1 - (-106 - 6 - -112)) + -7.
-66
Evaluate 4 - 0 - (-289 + (156 - -131)).
6
Evaluate -4 + 1 + -296 + 259 + (5 - 3).
-38
2 + (-6 - (-9 + -3)) + 2 + -4 - -45
51
Calculate (-487 + 468 - (1 - -22)) + (-4 - -10).
-36
Evaluate 28 - 39 - -15 - (-3 - -8 - 12).
11
What is -27 - (-1 - -4 - (-251 - -245))?
-36
What is (-2 - (1 + 51 + 0)) + 128 + -278 + 152?
-52
What is the value of 333 + -378 - (5 + -6)?
-44
Evaluate (2 - (-1 + 1)) + 3 + (-12 + -12 - -20).
1
81 + -154 + 74 - (-1 + 62)
-60
What is the value of -64 + (-51 - (107 - 141))?
-81
Calculate (112 + 2 - -1) + (13 - (4 + 25 + -20)).
119
-23 + (605 + -632 - (1 - 31))
-20
What is the value of 995 - 1103 - (-25 + -1) - (-1 - (15 - 4))?
-70
Calculate 168 + -69 + 60 + -220.
-61
Calculate -299 + 262 - (-9 + 0 - (34 - 54)).
-48
What is the value of 98 + (6 - (-10 + 26)) - (2 + -2 - 8)?
96
Evaluate -18 - -60 - 38 - 25.
-21
What is 0 - 2 - (-1 + (2 + 8 + 18 - 13))?
-16
What is 70 + (3 - -21 - 3)?
91
What is the value of -2 + 69 + -20 - 78?
-31
Calculate -100 + 57 + (2 - 2) + 2 + -1.
-42
Evaluate 61 + 3 - (-9 - (6 + -27)) - (23 - 25).
54
Evaluate -33 - (10 - ((4 - (-23 + 9)) + -15)).
-40
What is (0 - 1 - -2) + -3 + (200 - (-207 - -322))?
83
What is the value of 1 + -141 + 65 + (86 - 113)?
-102
What is 59 + 0 + -15 + (217 - 228)?
33
Calculate (5 - 50) + 22 + -5 + -34 + 9 + -4.
-57
What is 2 + -6 + -35 + -4 + -3 + 11?
-35
-138 + 3 - (2079 - 2359)
145
What is the value of (-40 - -2) + (639 - 611)?
-10
Evaluate -38 + (-19 - (12 - 16 - 39)) + 29 + -1.
14
What is the value of -51 + (-11 - ((3 - (5 + -5)) + -5 - 4))?
-56
Evaluate -23 + (-11 - -24) + -21 + -2.
-33
What is (7 - -1 - 8 - 16) + -13?
-29
What is the value of -14 + 5 - (-11 + 36)?
-34
Calculate (150 - (-100 + 238)) + -76.
-64
What is -4 + (10 - (64 + -75))?
17
What is the value of 33 + 6 - (26 - 1 - 1)?
15
What is the value of -6 - 9 - (6 - (-6 + -3 - -7))?
-23
7 + (-5 - 19) + (-16 - -20)
-13
Calculate -66 - -46 - (27 - -20).
-67
44 + -35 + (10 - -4) + -101
-78
Evaluate 98 - (37 + -2 + -10 + 4 + -34).
103
What is the value of 5756 + -5927 + 46 + 3?
-122
55 + 2 - (4577 + -4556)
36
Evaluate -30 - (-9 - (6 + (-9 - -17) + -14)).
-21
Calculate 11 + (-42 - -9) + (107 - 91).
-6
Evaluate 62 + -40 + (0 + 1 - (15 + -11)).
19
Calculate -858 - -885 - (-15 + 3).
39
(-3792 - -3772) + (0 - (0 + -1 + -4))
-15
Calculate (-12 + 5 - (4 + -9)) + (20 - (-7 + 0)).
25
Calculate -507 + 436 + 86 + -9.
6
46 - (12 + 1 + (-257 - -263))
27
Evaluate (-1960 - -2059) + 4 + -53.
50
What is 470 + -467 + 93 + 1 + -28?
69
What is the value of (-1 - -9) + (3970 - 4000)?
-22
23 + 32 + (61 - 31) + -43
42
What is 38 - 0 - (158 - 195 - -221)?
-146
Evaluate 22 - ((-2 - (-20 - -17)) + 17).
4
What is -88 + (35 - -3 - (236 - 224))?
-62
What is the value of (-1 - 45) + 43 + -192 + 114?
-81
8 - (-3 + 5) - 13 - ((31 - 3) + -4)
-31
Calculate 67 + -98 - (-79 - -6).
42
What is 36 - (49 - (64 + 9))?
60
What is 0 + -43 + (40 - (23 + 9))?
-35
Calculate -11 + -13 - (-4 + 35 - 12).
-43
(50 - 38) + -18 + (-10 - -12) + -12
-16
What is the value of 63 + (2 - -78 - 78) + 1 + 1 + -3?
64
What is the value of (-10326 - -10257) + (1 - -42)?
-26
What is the value of 0 + 1 + -3 - -1 - (83 - -12 - 41)?
-55
Calculate 123 - (-27 - ((-27 - 9) + -27)).
87
Evaluate (4 - -26 - 14) + (10 - -2).
28
78 + (1 - -26 - (-643 - -654))
94
Calculate (-5 - ((-24 - 28 - -18) + 15)) + -13.
1
Evaluate (-172 - -80) + 118 + 18.
44
What is the value of -7 + 7 + (10 - 14) + 2 - -3 - -9?
10
Calculate -61 + 7 - (-1 + -23 + 12 - 4).
-38
Evaluate 78 + -16 + -10 + -130.
-78
What is -456 - -481 - (20 - -1) - 38?
-34
Calculate -75 - -36 - 55 - -92.
-2
Evaluate 38 + (-11 - (178 - (40 - 29))).
-140
Evaluate -2 + -41 - (-3827 - -3838 - (1 - 11)).
-64
What is -40 + (36 + -24 - -16) + -40?
-52
What is the value of 0 + 1 - -9 - (-9 - 14 - 58 - -34)?
57
Calculate (-1107 - -998 - (-11 + -7 + 4)) + 10.
-85
Calculate (3 - 56) + 105 + 13.
65
What is 16 + -7 + 1 - (61 + (-1 - -5))?
-55
Evaluate 15 + 3 + -31 + (-73 - (9 - 9)) - 4.
-90
What is 74 + (-51 - -10) + -19 + (1 - -7)?
22
What is the value of 4 + -8 + 0 - (6 - -12 - 13)?
-9
Evaluate (-10 + 1 - (2 - (1 - 5))) + -1 - 0.
-16
Evaluate -60 + -8 + (339 - 303).
-32
Calculate (10 - (-19 + 15 + -16) - -13) + -1 + -5.
37
What is 54 - (-87 - (-29 + -28))?
84
What is the value of (83 - (1 + -3)) + -24 + (-17 + 44 - -9)?
97
Calculate -9 - (-9 + (13 - 21)) - (75 + (3 - 2)).
-68
What is -28 + 0 + (-2 - -25) + -7?
-12
-1731 + 1726 - (2 + -2 + 30)
-35
What is 0 + 22 - (-1299 - -1375)?
-54
Calculate (14 - (-14 + 77)) + -11 + 0 - -13.
-47
What is -219 - -213 - (-2 - -29) - ((4 - 2) + -11)?
-24
What is -2 - 57 - (-36 + 52 + (-23 - (-1 - 0)